 - (-9 + -3) - 0?
5
What is the value of (-1 + -5 + 2 - -7) + -4?
-1
2 + (-4 - -2 - 0 - 0)
0
Evaluate 15 - (-12 - -18) - (5 + 1).
3
21 - 18 - (1 + 3)
-1
What is the value of (-3 - (0 + 1)) + 4?
0
Calculate 8 + (6 - 5) + -6.
3
What is the value of -1 - (7 - (-10 + 16))?
-2
Calculate -5 + (12 - 6) - 7.
-6
Evaluate -5 - (3 + 2 + -13).
3
(-4 - (-3 + 5 + -4)) + 1
-1
0 - 0 - (-3 + 0 + 1)
2
0 + -1 + -3 + 0
-4
What is the value of (3 + 2 - 9) + -1?
-5
Evaluate 15 - 18 - (-2 + 1).
-2
Evaluate (1 - 1) + (31 - 36).
-5
-1 + -2 + 2 - 4
-5
Evaluate (-2 - 0) + 20 - (90 - 83).
11
What is (3 - -6 - 12) + -9 + 3?
-9
Calculate 0 + 0 + -2 + (-21 - -16).
-7
Evaluate -11 + (16 - (0 + 8)).
-3
3 + 6 + -3 - 6 - -1
1
What is the value of 7 + -2 + -4 + 3?
4
Calculate (0 + -1 - 0) + 2.
1
What is the value of (7 - 1) + (-4 - 1) + 1?
2
What is (1 - (9 - 5)) + 7 + -6?
-2
Evaluate 1 - (-4 - -4) - (-9 + 12).
-2
4 - (6 - 3) - (2 - 3)
2
What is -14 - (-10 + 9 - 7)?
-6
What is the value of (4 - 2) + -2 + -2 + 2?
0
What is (4 - 2) + (0 - -2)?
4
Calculate -5 + -8 + 17 + (1 - 7).
-2
Evaluate -2 - -7 - 0 - -3.
8
Evaluate -1 - 1 - (-9 + 3).
4
What is the value of 1 + 4 + -2 + -3?
0
What is 5 - (15 - 6) - (2 - 7)?
1
Calculate -9 - (-3 + 0 - (10 - 9)).
-5
Calculate 2 - (7 - 1) - (3 - 14).
7
What is the value of 2 - 12 - (4 + -13)?
-1
What is the value of -2 + -2 - (13 + -17)?
0
What is the value of (0 - (0 - -4)) + 9?
5
What is 21 + -10 + 9 + 3 + -12?
11
What is the value of (1 - 1) + (-1 - 5 - -1)?
-5
What is -2 + -4 + (-6 - -14)?
2
Calculate 9 - (2 - -3) - 3.
1
Calculate 5 - (2 + -3 + (8 - 5)).
3
What is the value of 7 + (7 - 7 - (-1 - -5))?
3
Calculate 0 + (11 - 4 - (0 + 3)).
4
17 + 13 + -12 - 9
9
What is 2 - 5 - (-45 - -50)?
-8
15 - (4 + 1) - (6 - 1)
5
What is the value of (-2 - 3 - 3) + 6?
-2
Calculate 36 + -40 - (1 + -5).
0
-10 + 5 + 2 + 7 + 2
6
What is 3 + -13 + 15 - 6?
-1
Evaluate 7 + -21 + 6 + 2.
-6
What is (1 - 1 - 1) + (-2 - -4)?
1
What is the value of 2 + 2 - (1 + (1 - -2))?
0
What is -4 - (4 - 8 - 2)?
2
What is the value of 5 - ((-2 - -8) + -2) - 5?
-4
What is the value of (8 - 3) + (-3 - 4)?
-2
What is -3 - -9 - (-1 + -3 + 5)?
5
What is (0 + 3 - -4) + -1?
6
What is the value of (0 - (11 - 1)) + 6?
-4
(-17 - -15 - (-1 + 0)) + 3
2
What is 18 + (-5 - 14) + 9?
8
Evaluate 2 + 1 + -4 - 7.
-8
What is 7 + 4 + -4 + (-6 - -3)?
4
0 + 11 + -5 + -4 + -4
-2
Calculate 0 - (2 - 2) - (13 - 16).
3
Calculate 5 + 5 - (0 + 4) - -1.
7
What is 9 + 2 + (3 - 9)?
5
6 - (12 + (6 - 7))
-5
What is the value of -3 - 1 - (-4 + 4 + -3)?
-1
What is the value of -5 + 5 + -6 - -7?
1
What is -5 + -3 + 12 + -6 + -1?
-3
Evaluate (2 - 1) + 4 + (-2 - -2).
5
-11 - (3 + -3 - 5) - -10
4
Calculate 2 - (8 + (-4 - (-1 - -2))).
-1
Evaluate (7 - 12) + 2 - (0 - -1).
-4
Calculate 6 - (12 + 0 - 4).
-2
What is the value of -3 + (-2 - (3 + -3))?
-5
Evaluate 8 + (3 - 4) + -3 + -9.
-5
Calculate (-5 + -2 - -4) + 8.
5
-9 + 2 + 0 - -7
0
What is the value of 6 + (-9 + 8 - 0)?
5
Calculate -3 + (-1 - (0 - 2)).
-2
What is the value of 4 + (0 - (3 - 1))?
2
What is the value of -4 - (4 + (0 - 3))?
-5
What is the value of -7 - -5 - (0 + 1 - 1)?
-2
What is 4 + (-5 - (-2 - 0)) + -1?
0
Calculate -1 + 0 + (10 - 4 - 6).
-1
(0 + 5 - 2) + (-2 - -3)
4
What is (1 - 1) + (-1 - (-1 - -1))?
-1
What is the value of 4 + (0 - 1) + 0?
3
Evaluate 2 - (-3 + 3 + 7) - 0.
-5
What is the value of -15 - (-25 - (10 + -23))?
-3
Evaluate 3 + 5 + -8 - (-8 + 2).
6
Evaluate (-64 - -54) + (2 - 1).
-9
What is -1 + 7 - (19 + -14)?
1
1 - (11 + -4 - 1)
-5
What is the value of 6 + (-8 - -11 - 3)?
6
Evaluate (2 - 4) + -2 + 2 + -2.
-4
What is 0 + (0 - 0) + (38 - 41)?
-3
Calculate 4 - 2 - -1 - (40 + -36).
-1
(-1 - -4) + -3 + 3 + -3
0
(-3 - -11 - 7) + 14 - 4
11
What is 2 + -3 + -7 + -3 + 3?
-8
Calculate 0 - (-2 + -1 + 3 - -3).
-3
Calculate 15 - 6 - 6 - 6.
-3
Calculate 1 - (0 + -4 + 1).
4
Evaluate -7 + 2 - (-3 - 0).
-2
What is the value of -5 + -5 + 8 + 6 + 0?
4
Calculate (34 - 29) + 0 + -2.
3
(-4 - (-6 + 3)) + (5 - 2)
2
What is 5 + 1 - -1 - 3?
4
Calculate (-13 - -1) + 135 + -129.
-6
What is (2 - (4 + 2) - -1) + -2?
-5
What is the value of (5 + -10 - -4) + 0?
-1
-2 + (3 - (0 - -7))
-6
Evaluate (2 + -1 - 2) + (8 - 9).
-2
What is 2 - (2 - 0) - (-40 + 36)?
4
What is 3 - -2 - (7 + -3)?
1
Calculate 7 - ((-8 - -12) + 0).
3
What is the value of -7 - ((-8 - 1) + 7)?
-5
Calculate 6 + (-2 - (8 - 4)).
0
What is (39 - 33) + (0 - -2) + -9?
-1
Evaluate -10 - -15 - (1 - 1).
5
Evaluate 2 + (0 - -1) + 0.
3
Calculate 13 + -11 + -5 + 8.
5
Evaluate -1 + (-4 - -7) - (1 + -1).
2
Calculate 1 - ((-8 - (1 + -4)) + 8).
-2
What is the value of (-12 - -1) + 16 - 9?
-4
What is -8 - -5 - (-4 + 4)?
-3
What is the value of -1 + -7 - (18 + -8 - 22)?
4
Evaluate -8 - (-1 + -5 + 1).
-3
What is the value of 4 - (14 + (6 - 11))?
-5
What is the value of 3 + (-11 - (-6 - 1)) + 8?
7
Calculate 5 + 3 + -12 - -8.
4
-6 + 6 - -6 - 5
1
-9 + 16 + 0 + -3 - 9
-5
1 - 2 - (-9 + 3 + 1)
4
What is the value of 4 + (-6 - (5 + -10) - -4)?
7
Calculate -3 + (4 - -7) - 6.
2
Calculate -1 + -1 + (3 + -4 - 1).
-4
4 - (-4 + 6) - -3 - 1
4
Evaluate -2 + -4 + 3 - (1 + -9).
5
Evaluate 7 + (0 - 2) - 2.
3
What is the value of (0 - 9) + 21 + -6?
6
What is the value of -9 - -11 - (12 + 0 - 3)?
-7
What is 2 - -9 - (3 + -1) - 2?
7
What is the value of (-4 - (-4 + 7)) + 9?
2
What is 6 + (-3 - (7 + -11)) - 6?
1
Evaluate -11 - (11 - 2 - 14).
-6
What is 15 + -7 + -7 + -1?
0
3 + (-3 - 2) + -3 - -1
-4
0 + -12 + 9 + (14 - 1)
10
Evaluate (4 - 4) + 4 + (-6 - 2).
-4
Calculate 1 - (1 + 2 + -7).
5
Calculate 1 - ((5 - -4 - 4) + -9).
5
0 + (1 - (1 - (3 - 1)))
2
What is the value of (-4 - (4 - (4 - 3))) + 7?
0
Evaluate (-7 - (-11 - 0)) + 1.
5
Calculate -6 - (-1 + -7) - (-3 - -1).
4
What is the value of -36 - -39 - (1 - (3 + 0))?
5
Calculate 6 - (5 + (1 - 0)).
0
What is (-45 - -51) + (0 - 11)?
-5
Calculate 8 + (-5 - -1) - (-4 - -3).
5
What is -5 - (-6 - -6 - (1 + -4))?
-8
What is the value of -3 - (0 + 3 + 0 + -6)?
0
-4 - (-7 + -1 - (-4 + 0))
0
What is (-2 - 2 - -5) + 1 + -1?
1
What is -1 + 2 + (5 - 7 - -2)?
1
Calculate 5 + -8 + 5 - (0 - 0).
2
Evaluate -1 + 3 + -13 + 5.
-6
Evaluate -5 - (0 - (7 - -1)).
3
What is the value of 15 + -13 + 15 + -4 + -4?
9
Evaluate 0 + 4 - (1 - -1) - -2.
4
-6 + 4 - (1 + (0 - 0))
-3
Evaluate (6 - 12) + 0 + 6.
0
Evaluate 5 - ((4 - -12 - 0) + -7).
-4
Evaluate 4 - 4 - -3 - 2 - 0.
1
Calculate -2 + 7 - 3 - -1.
3
Calculate (-2 - 5) + (-9 - -15).
-1
Evaluate -8 + (-15 - -18) + -2 + 1.
-6
Evaluate (1 - (-7 + 4 + 7)) + -5.
-8
(1 - 5) + -1 - -11
6
Calculate -9 - (-1 + (1 - 1) + -3).
-5
What is 2 + (3 - 5) + 3 + -1?
2
-3 + -7 + 2 + 5
-3
Evaluate 1 - (7 + -4) - 1.
-3
What is the value of (2 + -1 + 1 - 1) + 3?
4
What is -6 - 1 - (-2 + 9 - 7)?
-7
Calculate 2 + (-2 - -2) + 4 - 2.
4
What is the value of -1 + (-1 + (4 - 3) - 1)?
-2
What is the value of -37 - -37 - (-1 - 0) - 3?
-2
Evaluate ((-5 - 1) + 3 - -8) + -2.
3
112 + -105 - (4 - 1)
4
What is the value of 6 + 0 + 6 + 6 + -15?
3
4 - (1 + (1 - -5))
-3
What is the value of -3 + (-5 - -7 - (-1 - 1))?
1
What is -3 - (0 - (-4 + (2 - -2)))?
-3
What is -24 - (-8 + -2) - -5?
-9
Calculate -4 + (-4 - -11) - 4.
-1
Evaluate -5 + 8 + 2 + -2.
3
-4 + 3 + -2 + 4 + -6
-5
Evaluate (-4 - -10) + (10 - 15).
1
Calculate -1 - (-4 - 1) - 3.
1
Calculate -2 - (-3 + (-6 - -1) + 3).
3
What is the value of 6 + (-1 - (2 + -1))?
4
Calculate 4 + -3 - (-2 + 3 + 1).
-1
What is the value of -125 + 125 - (-2 + -3)?
5
What is the value of -5 + 4 + 10 + -5 + 4?
8
-2 - (-3 - (-8 + 4))
-3
What is (-3 - -1) + 18 + -21?
-5
Evaluate 1 + (-2 + 5 - 1).
3
(-9 - -10) + (1 - (-1 - -6))
-3
-54 - -40 - (-1 - 9)
-4
What is the value of 3 - ((-1 - 0 - 2) + 1)?
5
What is 6 + -9 - (0 + -2 + 2)?
-3
-20 - -8 - (-11 - -4)
-5
-1 + 2 + (-5 - -4) - 4
-4
10 + 11 + -12 + -3
6
(-7 - (-21 - -16)) + 9 + -2
5
1 - (2 - (-3 + 2))
-2
What is the value of 11 - (-4 + -4 + 13)?
6
-1 + -11 - (-47 - -38)
-3
Evaluate -1 + 2 + (-3 - -2) - 0.
0
What is -2 + 6 + -2 + 1?
3
Calculate 5 + -11 - 0 - -9 - 2.
1
Evaluate 11 + (-19 - (8 + -12)).
-4
What is (1 - 1) + (4 - 1)?
3
What is (19 - 24) + (-1 - -3) - -5?
2
Evaluate -11 + 7 + 3 + -1.
-2
What is the value of -4 - (6 - (5 + 11))?
6
What is the value of (6 - 4 - 0) + 6 + -3?
5
What is (-3 - 0) + 9 + 1 + -2?
5
Evaluate 5 - (